{"id":12,"date":"2018-04-11T12:51:43","date_gmt":"2018-04-11T12:51:43","guid":{"rendered":"http:\/\/www.cncprofi.hu\/?page_id=12"},"modified":"2023-12-21T14:32:26","modified_gmt":"2023-12-21T14:32:26","slug":"elerhetoseg","status":"publish","type":"page","link":"https:\/\/www.cncprofi.hu\/index.php\/elerhetoseg\/","title":{"rendered":"El\u00e9rhet\u0151s\u00e9g"},"content":{"rendered":"<p>cncprofi.hu<\/p>\n<p><span style=\"font-size: 1rem;\">info@cncprofi.hu<\/span><\/p>\n<p>+36303749001<\/p>\n<p>Sz\u00e9khely: 3300 Eger, Attila u. 33\/b<\/p>\n<p>Telephely: 3300 Eger, Galagony\u00e1s u. 808\/66<\/p>\n<p><img decoding=\"async\" loading=\"lazy\" class=\"alignnone size-medium wp-image-52\" src=\"http:\/\/www.cncprofi.hu\/wp-content\/uploads\/2021\/01\/C\u00edmer-269x300.png\" alt=\"\" width=\"269\" height=\"300\" srcset=\"https:\/\/www.cncprofi.hu\/wp-content\/uploads\/2021\/01\/C\u00edmer-269x300.png 269w, https:\/\/www.cncprofi.hu\/wp-content\/uploads\/2021\/01\/C\u00edmer-768x857.png 768w, https:\/\/www.cncprofi.hu\/wp-content\/uploads\/2021\/01\/C\u00edmer.png 874w\" sizes=\"(max-width: 269px) 100vw, 269px\" \/><\/p>\n","protected":false},"excerpt":{"rendered":"<p>cncprofi.hu info@cncprofi.hu +36303749001 Sz\u00e9khely: 3300 Eger, Attila u. 33\/b Telephely: 3300 Eger, Galagony\u00e1s u. 808\/66<\/p>\n","protected":false},"author":2,"featured_media":186,"parent":0,"menu_order":0,"comment_status":"closed","ping_status":"closed","template":"","meta":[],"_links":{"self":[{"href":"https:\/\/www.cncprofi.hu\/index.php\/wp-json\/wp\/v2\/pages\/12"}],"collection":[{"href":"https:\/\/www.cncprofi.hu\/index.php\/wp-json\/wp\/v2\/pages"}],"about":[{"href":"https:\/\/www.cncprofi.hu\/index.php\/wp-json\/wp\/v2\/types\/page"}],"author":[{"embeddable":true,"href":"https:\/\/www.cncprofi.hu\/index.php\/wp-json\/wp\/v2\/users\/2"}],"replies":[{"embeddable":true,"href":"https:\/\/www.cncprofi.hu\/index.php\/wp-json\/wp\/v2\/comments?post=12"}],"version-history":[{"count":4,"href":"https:\/\/www.cncprofi.hu\/index.php\/wp-json\/wp\/v2\/pages\/12\/revisions"}],"predecessor-version":[{"id":187,"href":"https:\/\/www.cncprofi.hu\/index.php\/wp-json\/wp\/v2\/pages\/12\/revisions\/187"}],"wp:featuredmedia":[{"embeddable":true,"href":"https:\/\/www.cncprofi.hu\/index.php\/wp-json\/wp\/v2\/media\/186"}],"wp:attachment":[{"href":"https:\/\/www.cncprofi.hu\/index.php\/wp-json\/wp\/v2\/media?parent=12"}],"curies":[{"name":"wp","href":"https:\/\/api.w.org\/{rel}","templated":true}]}}